{"id":109,"date":"2024-11-20T13:44:20","date_gmt":"2024-11-20T13:44:20","guid":{"rendered":"https:\/\/renholeksperten.maroc-marketing.com\/?page_id=109"},"modified":"2024-11-20T13:44:20","modified_gmt":"2024-11-20T13:44:20","slug":"om-oss","status":"publish","type":"page","link":"https:\/\/renholeksperten.no\/index.php\/om-oss\/","title":{"rendered":"Om Oss"},"content":{"rendered":"\t\t<div data-elementor-type=\"wp-page\" data-elementor-id=\"109\" class=\"elementor elementor-109\">\n\t\t\t\t<div class=\"elementor-element elementor-element-2baef8c e-flex e-con-boxed e-con e-parent\" data-id=\"2baef8c\" data-element_type=\"container\">\n\t\t\t\t\t<div class=\"e-con-inner\">\n\t\t\t\t<div class=\"elementor-element elementor-element-b494a9f elementor-widget elementor-widget-spacer\" data-id=\"b494a9f\" data-element_type=\"widget\" data-widget_type=\"spacer.default\">\n\t\t\t\t<div class=\"elementor-widget-container\">\n\t\t\t\t\t<div class=\"elementor-spacer\">\n\t\t\t<div class=\"elementor-spacer-inner\"><\/div>\n\t\t<\/div>\n\t\t\t\t<\/div>\n\t\t\t\t<\/div>\n\t\t\t\t\t<\/div>\n\t\t\t\t<\/div>\n\t\t<div class=\"elementor-element elementor-element-ab7cd85 e-flex e-con-boxed e-con e-parent\" data-id=\"ab7cd85\" data-element_type=\"container\">\n\t\t\t\t\t<div class=\"e-con-inner\">\n\t\t\t\t<div class=\"elementor-element elementor-element-e367da8 elementor-widget elementor-widget-spacer\" data-id=\"e367da8\" data-element_type=\"widget\" data-widget_type=\"spacer.default\">\n\t\t\t\t<div class=\"elementor-widget-container\">\n\t\t\t\t\t<div class=\"elementor-spacer\">\n\t\t\t<div class=\"elementor-spacer-inner\"><\/div>\n\t\t<\/div>\n\t\t\t\t<\/div>\n\t\t\t\t<\/div>\n\t\t\t\t\t<\/div>\n\t\t\t\t<\/div>\n\t\t<div class=\"elementor-element elementor-element-103752b1 e-flex e-con-boxed e-con e-parent\" data-id=\"103752b1\" data-element_type=\"container\">\n\t\t\t\t\t<div class=\"e-con-inner\">\n\t\t\t\t<div class=\"elementor-element elementor-element-778f2013 elementor-widget elementor-widget-heading\" data-id=\"778f2013\" data-element_type=\"widget\" data-widget_type=\"heading.default\">\n\t\t\t\t<div class=\"elementor-widget-container\">\n\t\t\t<h2 class=\"elementor-heading-title elementor-size-default\">Om Oss<\/h2>\t\t<\/div>\n\t\t\t\t<\/div>\n\t\t\t\t\t<\/div>\n\t\t\t\t<\/div>\n\t\t<div class=\"elementor-element elementor-element-279f009 e-flex e-con-boxed e-con e-parent\" data-id=\"279f009\" data-element_type=\"container\">\n\t\t\t\t\t<div class=\"e-con-inner\">\n\t\t\t\t<div class=\"elementor-element elementor-element-34a66f2 elementor-widget elementor-widget-spacer\" data-id=\"34a66f2\" data-element_type=\"widget\" data-widget_type=\"spacer.default\">\n\t\t\t\t<div class=\"elementor-widget-container\">\n\t\t\t\t\t<div class=\"elementor-spacer\">\n\t\t\t<div class=\"elementor-spacer-inner\"><\/div>\n\t\t<\/div>\n\t\t\t\t<\/div>\n\t\t\t\t<\/div>\n\t\t\t\t\t<\/div>\n\t\t\t\t<\/div>\n\t\t<div class=\"elementor-element elementor-element-7e27b19 e-flex e-con-boxed e-con e-parent\" data-id=\"7e27b19\" data-element_type=\"container\">\n\t\t\t\t\t<div class=\"e-con-inner\">\n\t\t\t\t<div class=\"elementor-element elementor-element-285807d elementor-widget elementor-widget-text-editor\" data-id=\"285807d\" data-element_type=\"widget\" data-widget_type=\"text-editor.default\">\n\t\t\t\t<div class=\"elementor-widget-container\">\n\t\t\t\t\t\t\t<p>Hos Renhold Eksperten er vi dedikert til \u00e5 tilby f\u00f8rsteklasses renholdstjenester og gir 5 dager forn\u00f8dsgaranti for b\u00e5de private og n\u00e6ringslivet. Med mange \u00e5rs erfaring i bransjen, er v\u00e5rt m\u00e5l \u00e5 skape rene, hygieniske og trivelige milj\u00f8er for v\u00e5re kunder. Vi forst\u00e5r viktigheten av et rent arbeidsmilj\u00f8 og en ren bolig, og vi jobber hardt for \u00e5 sikre at hvert oppdrag blir utf\u00f8rt med h\u00f8yeste standard. Tjenester: Husvask: Grundig rengj\u00f8ring av boliger, inkludert kj\u00f8kken, bad, stue og soverom, tilpasset dine behov og preferanser. F\u00f8lgerengj\u00f8ring: Vask og desinfisering av omr\u00e5der som har v\u00e6rt utsatt for smitte, som spesielt er viktig for helsevesen og skoler. Airbnb og Booking leiligheter og rom vask ( spontant om-demand) Vindusvask: Effektiv rengj\u00f8ring av vinduer og fasader for \u00e5 gi bygningen et friskt utseende. Hvorfor Velge Oss? Kvalitet: Vi benytter moderne utstyr og milj\u00f8vennlige rengj\u00f8ringsmidler for \u00e5 sikre et skinnende resultat. P\u00e5litelighet: V\u00e5re ansatte er grundig oppl\u00e6rt, p\u00e5litelige og profesjonelle. Vi er alltid punktlige og leverer konsekvent h\u00f8y kvalitet. Fleksibilitet: Vi tilbyr skreddersydde l\u00f8sninger som m\u00f8ter dine spesifikke behov, enten det er daglig, ukentlig eller m\u00e5nedlig renhold. Kundetilfredshet: Vi setter stor pris p\u00e5 v\u00e5re kunder og jobber hardt for \u00e5 overg\u00e5 deres forventninger. Tilbakemeldinger og oppf\u00f8lging er en del av v\u00e5r kvalitetskontroll.<\/p>\t\t\t\t\t\t<\/div>\n\t\t\t\t<\/div>\n\t\t\t\t\t<\/div>\n\t\t\t\t<\/div>\n\t\t<div class=\"elementor-element elementor-element-81a0558 e-flex e-con-boxed e-con e-parent\" data-id=\"81a0558\" data-element_type=\"container\">\n\t\t\t\t\t<div class=\"e-con-inner\">\n\t\t\t\t<div class=\"elementor-element elementor-element-71c753f elementor-widget elementor-widget-image\" data-id=\"71c753f\" data-element_type=\"widget\" data-widget_type=\"image.default\">\n\t\t\t\t<div class=\"elementor-widget-container\">\n\t\t\t\t\t\t\t\t\t\t\t\t\t<img fetchpriority=\"high\" decoding=\"async\" width=\"275\" height=\"183\" src=\"https:\/\/renholeksperten.no\/wp-content\/uploads\/2024\/11\/images-10.jpg\" class=\"attachment-large size-large wp-image-111\" alt=\"\" \/>\t\t\t\t\t\t\t\t\t\t\t\t\t<\/div>\n\t\t\t\t<\/div>\n\t\t\t\t<div class=\"elementor-element elementor-element-6fbc315 elementor-widget elementor-widget-spacer\" data-id=\"6fbc315\" data-element_type=\"widget\" data-widget_type=\"spacer.default\">\n\t\t\t\t<div class=\"elementor-widget-container\">\n\t\t\t\t\t<div class=\"elementor-spacer\">\n\t\t\t<div class=\"elementor-spacer-inner\"><\/div>\n\t\t<\/div>\n\t\t\t\t<\/div>\n\t\t\t\t<\/div>\n\t\t\t\t\t<\/div>\n\t\t\t\t<\/div>\n\t\t\t\t<\/div>\n\t\t","protected":false},"excerpt":{"rendered":"<p>Om Oss Hos Renhold Eksperten er vi dedikert til \u00e5 tilby f\u00f8rsteklasses renholdstjenester og gir 5 dager forn\u00f8dsgaranti for b\u00e5de [&hellip;]<\/p>\n","protected":false},"author":1,"featured_media":0,"parent":0,"menu_order":0,"comment_status":"closed","ping_status":"closed","template":"","meta":{"_eb_attr":"","site-sidebar-layout":"no-sidebar","site-content-layout":"","ast-site-content-layout":"full-width-container","site-content-style":"default","site-sidebar-style":"default","ast-global-header-display":"","ast-banner-title-visibility":"","ast-main-header-display":"","ast-hfb-above-header-display":"","ast-hfb-below-header-display":"","ast-hfb-mobile-header-display":"","site-post-title":"disabled","ast-breadcrumbs-content":"","ast-featured-img":"disabled","footer-sml-layout":"","theme-transparent-header-meta":"","adv-header-id-meta":"","stick-header-meta":"","header-above-stick-meta":"","header-main-stick-meta":"","header-below-stick-meta":"","astra-migrate-meta-layouts":"default","ast-page-background-enabled":"default","ast-page-background-meta":{"desktop":{"background-color":"var(--ast-global-color-4)","background-image":"","background-repeat":"repeat","background-position":"center center","background-size":"auto","background-attachment":"scroll","background-type":"","background-media":"","overlay-type":"","overlay-color":"","overlay-opacity":"","overlay-gradient":""},"tablet":{"background-color":"","background-image":"","background-repeat":"repeat","background-position":"center center","background-size":"auto","background-attachment":"scroll","background-type":"","background-media":"","overlay-type":"","overlay-color":"","overlay-opacity":"","overlay-gradient":""},"mobile":{"background-color":"","background-image":"","background-repeat":"repeat","background-position":"center center","background-size":"auto","background-attachment":"scroll","background-type":"","background-media":"","overlay-type":"","overlay-color":"","overlay-opacity":"","overlay-gradient":""}},"ast-content-background-meta":{"desktop":{"background-color":"var(--ast-global-color-5)","background-image":"","background-repeat":"repeat","background-position":"center center","background-size":"auto","background-attachment":"scroll","background-type":"","background-media":"","overlay-type":"","overlay-color":"","overlay-opacity":"","overlay-gradient":""},"tablet":{"background-color":"var(--ast-global-color-5)","background-image":"","background-repeat":"repeat","background-position":"center center","background-size":"auto","background-attachment":"scroll","background-type":"","background-media":"","overlay-type":"","overlay-color":"","overlay-opacity":"","overlay-gradient":""},"mobile":{"background-color":"var(--ast-global-color-5)","background-image":"","background-repeat":"repeat","background-position":"center center","background-size":"auto","background-attachment":"scroll","background-type":"","background-media":"","overlay-type":"","overlay-color":"","overlay-opacity":"","overlay-gradient":""}},"footnotes":""},"class_list":["post-109","page","type-page","status-publish","hentry"],"_links":{"self":[{"href":"https:\/\/renholeksperten.no\/index.php\/wp-json\/wp\/v2\/pages\/109","targetHints":{"allow":["GET"]}}],"collection":[{"href":"https:\/\/renholeksperten.no\/index.php\/wp-json\/wp\/v2\/pages"}],"about":[{"href":"https:\/\/renholeksperten.no\/index.php\/wp-json\/wp\/v2\/types\/page"}],"author":[{"embeddable":true,"href":"https:\/\/renholeksperten.no\/index.php\/wp-json\/wp\/v2\/users\/1"}],"replies":[{"embeddable":true,"href":"https:\/\/renholeksperten.no\/index.php\/wp-json\/wp\/v2\/comments?post=109"}],"version-history":[{"count":0,"href":"https:\/\/renholeksperten.no\/index.php\/wp-json\/wp\/v2\/pages\/109\/revisions"}],"wp:attachment":[{"href":"https:\/\/renholeksperten.no\/index.php\/wp-json\/wp\/v2\/media?parent=109"}],"curies":[{"name":"wp","href":"https:\/\/api.w.org\/{rel}","templated":true}]}}